{"id":238,"date":"2016-11-25T12:04:40","date_gmt":"2016-11-25T10:04:40","guid":{"rendered":"http:\/\/www.diechemiker.org\/V2\/?page_id=238"},"modified":"2017-07-17T12:05:04","modified_gmt":"2017-07-17T10:05:04","slug":"master-material-und-nanowissenschaften","status":"publish","type":"page","link":"https:\/\/diechemiker.org\/?page_id=238","title":{"rendered":"Master Material und Nanowissenschaften"},"content":{"rendered":"<p>Die interdisziplin\u00e4re und forschungsgeleitete Ausbildung er\u00f6ffnet den AbsolventInnen ein breites Spektrum von beruflichen M\u00f6glichkeiten, insbesondere Material-Entwicklung in universit\u00e4rer und industrieller Forschung, die Material-Analytik und Qualit\u00e4tssicherung sowie die Materialpr\u00fcfung und das Patentwesen. Die vermittelten Kompetenzen qualifizieren f\u00fcr berufliche Laufbahnen in der chemischen und pharmazeutischen Industrie, in der Halbleiter-Industrie, in Unternehmen der Metallerzeugung und -verarbeitung, in Lichttechnik und Optik, Energietechnik, Sensorik und vielen anderen Branchen.<\/p>\n<p>Das\u00a0<span style=\"text-decoration: underline;\"><strong><a href=\"https:\/\/www.uibk.ac.at\/fakultaeten-servicestelle\/pruefungsreferate\/gesamtfassung\/ma-material-und-nanowissenschfaten_stand-01.10.2016.pdf\" target=\"_blank\">Curriculum<\/a><\/strong><\/span>\u00a0ist die rechtliche Grundlage f\u00fcrs Studium und beinhaltet alles LV\u2019s sowie die Voraussetzungen.<\/p>\n<p>Bei der Planung eures Studiums ist unbedingt darauf zu achten, dass einige Praktika\u00a0nur j\u00e4hrlich angeboten werden. Dies k\u00f6nnt ihr der Beschreibung der jeweiligen Lehrveranstaltung im <span style=\"text-decoration: underline;\"><a href=\"https:\/\/lfuonline.uibk.ac.at\/public\/lfuonline.home\" target=\"_blank\">LFU-Online<\/a><\/span> entnehmen.<\/p>\n<p>In dieser \u00dcbersicht findet ihr den empfohlenen Studienverlauf, mit Beginn im Wintersemester.<\/p>\n<p><a href=\"http:\/\/www.diechemiker.org\/V2\/wp-content\/uploads\/2016\/11\/ma-material-und-nanowissenschaften_studienverlauf-2016.png\"><img loading=\"lazy\" decoding=\"async\" class=\"size-full wp-image-239 aligncenter\" src=\"http:\/\/www.diechemiker.org\/V2\/wp-content\/uploads\/2016\/11\/ma-material-und-nanowissenschaften_studienverlauf-2016.png\" alt=\"ma-material-und-nanowissenschaften_studienverlauf-2016\" width=\"600\" height=\"321\" srcset=\"https:\/\/diechemiker.org\/wp-content\/uploads\/2016\/11\/ma-material-und-nanowissenschaften_studienverlauf-2016.png 600w, https:\/\/diechemiker.org\/wp-content\/uploads\/2016\/11\/ma-material-und-nanowissenschaften_studienverlauf-2016-300x161.png 300w\" sizes=\"auto, (max-width: 600px) 100vw, 600px\" \/><\/a><\/p>\n","protected":false},"excerpt":{"rendered":"<p>Die interdisziplin\u00e4re und forschungsgeleitete Ausbildung er\u00f6ffnet den AbsolventInnen ein breites Spektrum von beruflichen M\u00f6glichkeiten, insbesondere Material-Entwicklung in universit\u00e4rer und industrieller Forschung, die Material-Analytik und Qualit\u00e4tssicherung sowie die Materialpr\u00fcfung und das Patentwesen. Die vermittelten Kompetenzen qualifizieren f\u00fcr berufliche Laufbahnen in der chemischen und pharmazeutischen Industrie, in der Halbleiter-Industrie, in Unternehmen der Metallerzeugung und -verarbeitung, in Lichttechnik [&hellip;]<\/p>\n","protected":false},"author":1,"featured_media":0,"parent":0,"menu_order":0,"comment_status":"closed","ping_status":"closed","template":"","meta":{"_bbp_topic_count":0,"_bbp_reply_count":0,"_bbp_total_topic_count":0,"_bbp_total_reply_count":0,"_bbp_voice_count":0,"_bbp_anonymous_reply_count":0,"_bbp_topic_count_hidden":0,"_bbp_reply_count_hidden":0,"_bbp_forum_subforum_count":0,"footnotes":""},"class_list":["post-238","page","type-page","status-publish","hentry"],"_links":{"self":[{"href":"https:\/\/diechemiker.org\/index.php?rest_route=\/wp\/v2\/pages\/238","targetHints":{"allow":["GET"]}}],"collection":[{"href":"https:\/\/diechemiker.org\/index.php?rest_route=\/wp\/v2\/pages"}],"about":[{"href":"https:\/\/diechemiker.org\/index.php?rest_route=\/wp\/v2\/types\/page"}],"author":[{"embeddable":true,"href":"https:\/\/diechemiker.org\/index.php?rest_route=\/wp\/v2\/users\/1"}],"replies":[{"embeddable":true,"href":"https:\/\/diechemiker.org\/index.php?rest_route=%2Fwp%2Fv2%2Fcomments&post=238"}],"version-history":[{"count":5,"href":"https:\/\/diechemiker.org\/index.php?rest_route=\/wp\/v2\/pages\/238\/revisions"}],"predecessor-version":[{"id":279,"href":"https:\/\/diechemiker.org\/index.php?rest_route=\/wp\/v2\/pages\/238\/revisions\/279"}],"wp:attachment":[{"href":"https:\/\/diechemiker.org\/index.php?rest_route=%2Fwp%2Fv2%2Fmedia&parent=238"}],"curies":[{"name":"wp","href":"https:\/\/api.w.org\/{rel}","templated":true}]}}